2*c, -9*c = 3*k - 6*c - 3723. What is the hundreds digit of k?
2
Let y(b) = -18*b - 4*b**2 + 19*b + 0 - 3*b**3 + 1. What is the tens digit of y(-3)?
4
Let i = 609 - 422. What is the units digit of i?
7
Suppose -7*c - 22*c + 79402 = 0. What is the units digit of c?
8
Let c = -83 + 88. Suppose -46 = -c*n + 79. What is the tens digit of n?
2
Let l(u) = -26*u + 71. Let x be l(-6). Let p = x + -4. What is the units digit of p?
3
Let a(s) be the second derivative of -s**3/6 - 17*s**2/2 - 8*s. Let g be a(-13). What is the units digit of -1 + 12*6 + g?
7
Let g be 3*(-2)/((-18)/15). Suppose g*c = 4*y + 19, 5*c - 5*y = 24 - 4. Suppose -95 = -c*a + 88. What is the units digit of a?
1
What is the tens digit of 2158/((-1)/(-3) - 5/(-3))?
7
Let j(a) = 3*a**2 + 20*a + 129. What is the tens digit of j(-11)?
7
Suppose -8327 = -15*n + 8803. What is the tens digit of n?
4
Let g be 3 - ((-4 - -3) + 0). Let s be 1 + (g - 3) + 1. What is the units digit of ((-36)/15 + s)*105?
3
Let o = 113 - 107. Suppose -4*h = -o*h + 420. What is the units digit of h?
0
Suppose 3*g = -2*g + 210. Let v = g + -19. What is the units digit of v?
3
Let k = 29 + 198. What is the units digit of k?
7
What is the units digit of (1020/150)/(2/35)?
9
Suppose -122*z = -128*z + 12582. What is the units digit of z?
7
Suppose 0 = -i - 0*i + 32. Let p be ((-7 + 1)*1)/2. Let x = p + i. What is the units digit of x?
9
Suppose -15 = -3*u - 6. Let j(i) = -i**3 + 7*i**2 + 2*i + 22. Let f be j(7). Suppose u*t + 0*t = f. What is the units digit of t?
2
Suppose 2*w + 84 = 124. Let o = 82 + w. What is the tens digit of o?
0
Let b(v) be the third derivative of -v**6/120 + 2*v**5/15 + 5*v**3/6 + 4*v**2. Suppose 2*h + 15 + 31 = 5*r, -15 = 5*h. What is the units digit of b(r)?
5
Let t(p) = 5*p**2 - 10*p - 92. What is the units digit of t(-9)?
3
Let i(u) = -u**3 - 5*u**2 + 6*u + 8. Let b be i(-6). What is the units digit of ((-60)/14)/(b/(-112))?
0
Let k be (-1 + 11)/(-5) - 2/(-1). Suppose k = x - 70 - 133. What is the tens digit of x?
0
Let x(h) = -11*h**2 - 4*h + 5. Let b(w) = 1 + 1 + 3*w - 6 + 11*w**2. Let y(r) = 5*b(r) + 4*x(r). What is the units digit of y(-1)?
2
Suppose -15*x - 16*x + 12307 = 0. What is the units digit of x?
7
What is the units digit of (1*8)/(34/884)?
8
Let b(y) = -y**3 + y. Let d be b(0). Suppose 2*l - m = -d*m + 29, 27 = l + 2*m. What is the units digit of l?
7
Let x = -16 - -6. Let c be (40/(-25))/(4/x). Suppose -5*a + 6 = f, -f + c + 4 = 3*a. What is the tens digit of f?
1
What is the units digit of ((-2906)/8)/(5*12/(-480))?
6
What is the hundreds digit of ((-55)/(-15))/((-413)/207 + 2)?
7
Let h(a) = -12*a**3 - 3*a**2 + a + 3. Let t be h(-1). Let z = 0 + 0. Suppose z = k - t - 12. What is the units digit of k?
3
Let q(d) = d**2 + 2*d - 1. Let j be 12/4 + 3 + 2. What is the units digit of q(j)?
9
Suppose -4*s + 29 = 37. Let x be ((-21)/6)/((-1)/(-8)). What is the units digit of s/14 - 536/x?
9
Let b(n) = 0*n - 4*n + 3*n. Let l be b(9). Let d = -2 - l. What is the units digit of d?
7
Suppose 0 = -3*m - 3*w + 3, -3*m = -2*w + 4*w - 2. Suppose -2*s - 4*n = -130, -n = -m*n - 2. What is the units digit of s?
1
Let c be (-6)/33 - 534/(-33). What is the units digit of c/(-12) + 404/6?
6
Suppose 0 = 3*h + 41 - 35, -3*n + 3329 = -h. What is the units digit of n?
9
Suppose -3*a + 2*o = 5*o - 741, o - 1227 = -5*a. What is the hundreds digit of a?
2
Let f(q) = q**2 - 7*q + 11. Suppose -3*c + 2*c = 0. Suppose -5*h + c*h = -30. What is the units digit of f(h)?
5
Suppose 0 = 4*v + 13 - 29. Let o(f) be the third derivative of f**5/30 + 4*f**2. What is the tens digit of o(v)?
3
Let v(y) = 10*y**2 - 10*y - 12*y + 25*y. Let k be (-3)/(-6) - (-5)/(-2). What is the tens digit of v(k)?
3
Let m(b) = -23*b - 2. Let y(f) = -f**2 - 10*f - 11. Let r be y(-9). What is the units digit of m(r)?
4
Let k be 107 - (4/1 + -1). Let t = -61 + k. What is the tens digit of t?
4
Let p(z) = 21*z - 3. Let c be p(3). Let l(d) = -d**3 - 16*d**2 + 18*d + 19. Let f be l(-17). What is the units digit of 0 + 2 + c/f?
2
Let t be (4 - 5) + (-1)/(-1). Let q be 2 - (2 + t - 3). Suppose -y - 1 = q*g - 4, y - 5*g = 27. What is the tens digit of y?
1
What is the tens digit of ((-22)/(-165)*-3273)/((-2)/5)?
9
Let y be 13 - -23 - 1*-4. Let f be 56/(-6) + (-4)/6. Let l = f + y. What is the units digit of l?
0
Let p(v) = -14*v - 2. Let q(g) = -2*g - 1. Let a be q(-7). Let n be p(a). What is the tens digit of 2/6 - n/6?
3
Suppose 0 = -4*o - 0*o. Let z = o + 10. What is the units digit of ((-1)/3)/(z/(-870))?
9
Let k be (2*29/1)/2. Let n = k + -16. What is the tens digit of n?
1
Let u = 295 + -140. Suppose -5*h = d - 55, d + h - u = -d. What is the units digit of d?
0
Suppose -8*f = -0*f - 2656. Suppose 4*m + f = 5*x, -x - 2*m - 200 = -4*x. What is the units digit of x?
8
Let g(o) = -1759*o + 17. What is the units digit of g(-1)?
6
Let z be (-153)/(-12)*40/15. Suppose -65 - z = 3*j. Let w = -7 - j. What is the tens digit of w?
2
Let o(b) = b - 4. Let z(s) = s - 4. Let y(v) = -3*o(v) + 2*z(v). Let n be y(2). Suppose -4*g + n*p - 3*p = -20, -5*g + 25 = -p. What is the units digit of g?
5
Let k = -823 + 1371. Let m = k - 390. What is the hundreds digit of m?
1
Suppose -9990 = 5*a - 15*a. What is the units digit of a?
9
Let i(n) = 83*n**2 + 37*n + 78. What is the units digit of i(-2)?
6
Let w be ((-4 + 3)*-1)/((-3)/(-9)). What is the units digit of (-3 + 51/9)*w?
8
Suppose 0 = -5*o + 5*q + 982 + 1338, 5*o - 2*q = 2308. What is the units digit of o?
0
Suppose 0 = 2*j - 0*j - 2. What is the units digit of (1 - 18)/(j/(-7))?
9
Let a = -3495 - -7749. What is the thousands digit of a?
4
Let t = 241 + -203. What is the tens digit of t?
3
Let g(l) = 1 - 20*l + 3 - l. Let n be g(2). What is the units digit of 4/(-6)*(n - 1)?
6
Let i be (-2967)/(-92) - (-1)/(-4). Suppose i*g + 440 = 37*g. What is the tens digit of g?
8
Let w(j) = -115*j - 282. What is the tens digit of w(-25)?
9
Let f = 61 - 185. Let u = 224 + f. What is the hundreds digit of u?
1
Let x be -1*2/3 - 6728/(-12). Suppose -8*c = -3*c - x. What is the tens digit of c?
1
Suppose 4*a + 2272 = 12*a. Suppose -23 = 3*v + 2*h - a, -2*h + 83 = v. What is the units digit of v?
9
Let u(x) = 15*x**3 - 2*x**2 - x + 3. Let i be u(1). Suppose i*r = 296 + 3754. What is the units digit of r?
0
Suppose 0*m = -4*z + 4*m - 12, 2*m = -5*z + 6. Suppose -y - 3*y + 20 = z. Suppose y*n = 53 + 92. What is the tens digit of n?
2
Let f(l) = l**2 - 18*l - 10. Let o be f(8). What is the tens digit of 2/(-4 + (-365)/o)?
3
Let s(h) = -h**3 - 4*h**2 + 13*h + 9. Let y be s(-6). Suppose 0 = 2*w - y*i + 7*i - 456, 2*w = -2*i + 446. What is the tens digit of w?
1
Suppose 3*y + c + 20 = -c, 2*y - 4*c + 8 = 0. Let d = -1 - y. Suppose -5*m + 200 = d*v, -v + 3*m - 5*m + 41 = 0. What is the tens digit of v?
3
Let m(r) be the second derivative of 1/2*r**2 + 0 + 0*r**4 - 1/2*r**5 + 1/6*r**3 + 3*r. What is the tens digit of m(-1)?
1
Let o(v) = -8*v + 8. Let b(z) = 2*z**2 - 2*z - 1. Let m be b(2). Let j(u) = 25*u - 23. Let l(h) = m*j(h) + 8*o(h). What is the tens digit of l(4)?
3
Let g(n) = -1 - 1 + 7 - n + 1. Let p be g(-5). What is the units digit of p + -2 + 4 + -6?
7
Let c(z) = 10*z**3 - 2*z**2 + 6*z + 31. What is the hundreds digit of c(6)?
1
Let y = 15 + 35. Suppose 0*v - v = 1. Let k = v + y. What is the units digit of k?
9
Let x = -67 + 162. Suppose -3*a + v = -v - x, -3*v + 6 = 0. What is the units digit of a?
3
Let x be (-40 - (-1 + 1)) + -2. Let w be (-1)/((5/9)/(-5)). What is the units digit of (12/(-14))/(w/x)?
4
Let y(z) = z**2 - 3*z - 22. Let l = -7 - -16. Let n be y(l). What is the tens digit of (n/20)/((-2)/(-45))?
3
Let n(u) = -u**3 + 2*u. Let g be n(-2). Suppose 7*h - g*h = -87. Let y = 4 - h. What is the units digit of y?
3
Let n(g) = 9*g**3 - 14*g**2 + 32*g - 31. What is the units digit of n(6)?
1
Suppose -a + 3 = -1. Suppose -o = -i + a, -4*o + 12 = 2*i + i. Let q(l) = l + 6. What is the units digit of q(o)?
6
Suppose 3*p + 3*i - 225 = 0, -4*p + 3*i + 265 = -0*p. What is the units digit of p?
0
What is the hundreds digit of 78/(0 + (-57)/(-18) + -3)?
4
Let f be ((-14)/6 - -3)/(-2)*6. What is the units digit of (f/3)/(12/(-1278))?
1
What is the units digit of (36/8)/((-18)/(-2196))?
9
Let h be 200/(-6)*15/(-10